nvert 23001 (base 4) to base 8.
1301
2425 (base 6) to base 15
298
What is -893b (base 14) in base 6?
-302013
Convert 2433 (base 7) to base 11.
754
Convert -1104 (base 13) to base 9.
-3223
Convert -37746 (base 9) to base 11.
-18097
-2252 (base 6) to base 11
-448
What is -23100 (base 5) in base 3?
-2021010
Convert 1311333 (base 4) to base 12.
4453
-2998 (base 10) to base 14
-1142
324333 (base 5) to base 15
34cd
What is -122b9 (base 12) in base 14?
-8d89
What is -1a64 (base 14) in base 15?
-1647
195 (base 12) to base 2
100000001
What is -d23 (base 15) in base 6?
-21410
What is 272 (base 8) in base 7?
354
25043 (base 8) to base 10
10787
Convert -122002 (base 3) to base 8.
-715
What is -486 (base 9) in base 14?
-20a
1630 (base 12) to base 14
d5a
Convert 95 (base 11) to base 9.
125
Convert 235a (base 14) to base 13.
2a57
What is -16b (base 15) in base 9?
-402
-1212200 (base 4) to base 15
-1e25
-1457 (base 14) to base 9
-4845
What is -f (base 16) in base 6?
-23
Convert 191c (base 13) to base 4.
322133
Convert 11122012 (base 3) to base 6.
23352
44326 (base 7) to base 14
40bd
-1a8 (base 16) to base 7
-1144
-676 (base 9) to base 16
-22b
Convert -c09 (base 13) to base 4.
-133311
What is 1ea (base 16) in base 2?
111101010
What is -43c (base 13) in base 15?
-337
What is -114221 (base 5) in base 3?
-12220200
What is 301234 (base 6) in base 11?
1683a
-10100000001000 (base 2) to base 5
-311443
Convert -411440 (base 5) to base 9.
-20305
1301 (base 5) to base 3
21110
Convert 10021 (base 7) to base 11.
18a7
What is 3241120 (base 5) in base 16?
d9e9
392 (base 11) to base 3
122012
What is -19404 (base 13) in base 14?
-13c10
Convert 220211 (base 3) to base 10.
670
Convert 100000011110 (base 2) to base 4.
200132
Convert -378 (base 13) to base 11.
-501
-6363 (base 8) to base 13
-1680
Convert -110001 (base 3) to base 6.
-1301
3734 (base 9) to base 10
2785
Convert 1222201 (base 3) to base 5.
21300
Convert -1283 (base 9) to base 4.
-33012
-2323 (base 7) to base 10
-850
-11e9 (base 15) to base 8
-7353
Convert -1782 (base 12) to base 7.
-11156
Convert 14226 (base 10) to base 6.
145510
What is -1110 (base 6) in base 15?
-123
Convert 1100 (base 8) to base 12.
400
Convert 1123 (base 8) to base 6.
2431
What is -17830 (base 9) in base 8?
-30063
Convert 10110101001 (base 2) to base 6.
10413
-185 (base 11) to base 5
-1324
What is -42401 (base 5) in base 7?
-11212
What is 325 (base 8) in base 6?
553
Convert 15339 (base 12) to base 8.
72235
Convert 831b (base 12) to base 7.
56426
What is 1040 (base 6) in base 9?
286
Convert 4a2 (base 16) to base 14.
60a
46145 (base 10) to base 9
70262
Convert 112241 (base 5) to base 14.
16ab
-7775 (base 11) to base 14
-3a3c
-1ad7 (base 16) to base 14
-270b
Convert -670b (base 14) to base 9.
-26430
What is 1010000001 (base 2) in base 10?
641
Convert -110100011 (base 2) to base 7.
-1136
Convert -10023 (base 4) to base 3.
-100220
What is 64367 (base 9) in base 8?
123132
1c1 (base 13) to base 3
110002
What is -1121 (base 14) in base 5?
-43334
What is 2d6 (base 15) in base 12?
463
Convert 12703 (base 8) to base 3.
21122100
What is -2b136 (base 12) in base 2?
-1110110011111010
Convert -1423 (base 7) to base 15.
-271
347 (base 16) to base 12
59b
2322011 (base 4) to base 10
11909
16b (base 13) to base 6
1110
What is 12323 (base 4) in base 11?
373
What is 3133 (base 6) in base 14?
385
-3111112 (base 4) to base 10
-13654
-a77 (base 11) to base 7
-3526
What is -431202 (base 5) in base 15?
-44a2
What is 10323 (base 5) in base 4?
23021
What is 1a843 (base 11) in base 14?
a7b0
Convert -152 (base 7) to base 6.
-222
What is -1010010011001000 (base 2) in base 14?
-11532
Convert 443 (base 7) to base 4.
3203
11366 (base 9) to base 8
16651
Convert 12021 (base 10) to base 5.
341041
What is 37929 (base 10) in base 14?
db73
-a995 (base 11) to base 6
-151051
Convert -210202 (base 3) to base 14.
-2dd
Convert 6008 (base 10) to base 3.
22020112
What is 22210 (base 6) in base 16?
c1e
4448 (base 9) to base 2
110011010100
-1010101110 (base 2) to base 5
-10221
2102144 (base 5) to base 2
1000011101110010
Convert -120002 (base 3) to base 2.
-110010111
3012 (base 4) to base 16
c6
Convert -612 (base 16) to base 14.
-7d0
Convert -355540 (base 6) to base 10.
-31092
Convert -1267 (base 10) to base 4.
-103303
10012 (base 5) to base 10
632
Convert -649 (base 11) to base 8.
-1413
What is -141032 (base 5) in base 7?
-22546
What is -14b (base 12) in base 4?
-3023
-28c6 (base 13) to base 12
-3504
What is -31366 (base 7) in base 3?
-101121201
-15371 (base 12) to base 9
-45004
-41406 (base 8) to base 7
-101011
Convert 212121201 (base 3) to base 10.
17218
What is 155 (base 7) in base 5?
324
-13233221 (base 4) to base 7
-161324
-a7 (base 13) to base 9
-162
Convert 698 (base 10) to base 4.
22322
-10121020 (base 3) to base 13
-126c
What is -1303 (base 8) in base 9?
-865
Convert 506a (base 11) to base 2.
1101001001011
7071 (base 8) to base 13
1871
Convert -30300 (base 5) to base 9.
-2606
1000010111 (base 2) to base 14
2a3
4040 (base 6) to base 4
31320
-223100 (base 5) to base 7
-32014
What is -365 (base 14) in base 6?
-3045
-89 (base 13) to base 15
-78
-10420 (base 5) to base 4
-23133
What is 4324 (base 9) in base 14?
1233
What is -1011101 (base 2) in base 9?
-113
What is -1435214 (base 6) in base 4?
-110031322
What is -4650 (base 7) in base 15?
-786
Convert -140006 (base 8) to base 4.
-30000012
What is -201201020 (base 3) in base 11?
-a884
-112122 (base 3) to base 14
-203
What is -192 (base 15) in base 9?
-442
Convert -6073 (base 10) to base 4.
-1132321
121111221 (base 3) to base 13
5632
12a1 (base 14) to base 11
250a
What is -11110110011 (base 2) in base 14?
-a0b
205 (base 13) to base 4
11113
561 (base 9) to base 8
714
Convert -10709 (base 10) to base 15.
-328e
648 (base 10) to base 12
460
Convert 107232 (base 8) to base 14.
d438
What is -100000010011 (base 2) in base 8?
-4023
21201221 (base 3) to base 12
3321
What is -427 (base 15) in base 9?
-1251
What is -2260 (base 8) in base 13?
-714
-423 (base 11) to base 10
-509
Convert -33513 (base 6) to base 14.
-1a17
Convert 32503 (base 7) to base 16.
1fc9
Convert -1332323 (base 4) to base 15.
-2618
Convert b072 (base 14) to base 3.
1112112122
What is -20cc (base 16) in base 13?
-3a8b
What is -212010201 (base 3) in base 16?
-41e3
Convert 2105 (base 11) to base 6.
20524
What is -3238 (base 11) in base 15?
-1401
Convert -102120 (base 3) to base 12.
-220
Convert 3045 (base 10) to base 15.
d80
-694 (base 10) to base 16
-2b6
What is 2340 (base 6) in base 2?
1000110100
Convert 13012 (base 8) to base 14.
20b0
What is 34c (base 13) in base 2?
1000111011
Convert -10041 (base 8) to base 9.
-5587
Convert 1134403 (base 6) to base 10.
59331
What is 1322 (base 9) in base 4?
33200
Convert 1313123 (base 4) to base 12.
450b
Convert 2ac3 (base 16) to base 13.
4ca1
61254 (base 7) to base 8
35046
What is -5305 (base 16) in base 6?
-242221
What is -27726 (base 11) in base 3?
-2000011000
What is -511 (base 8) in base 7?
-650
Convert 35e9 (base 16) to base 9.
20834
What is -1640 (base 7) in base 13?
-3c2
-66d4 (base 15) to base 13
-9bcb
What is 2a5 (base 11) in base 13?
216
Convert -1011010001 (base 2) to base 10.
-721
What is -7180 (base 9) in base 12?
-3060
Convert 134 (base 6) to base 10.
58
1442 (base 10) to base 15
662
What is 1000101100100 (base 2) in base 4?
1011210
-3840 (base 11) to base 3
-20212101
What is 32022233 (base 4) in base 6?
1124355
-730 (base 9) to base 5
-4334
Convert -301 (base 8) to base 7.
-364
Convert -465 (base 7) to base 6.
-1043
What is -1220222 (base 4) in base 9?
-10162
What is -822 (base 11) in base 15?
-462
-2362 (base 9) to base 3
-2102002
2020133 (base 4) to base 12
507b
Convert 4476 (base 13) to base 8.
22531
-106 (base 16) to base 4
-10012
What is 14965 (base 14) in base 6?
1033125
113111 (base 5) to base 11
3139
What is 603 (base 7) in base 13?
19b
What is -512 (base 7) in base 15?
-11e
Convert -3055 (base 6) to base 7.
-1664
What is -382 (base 12) in base 7?
-1355
4346 (base 7) to base 6
11105
Convert 1022220 (base 3) to base 4.
33021
Convert -101121 (base 3) to base 11.
-240
Convert -1362 (base 7) to base 14.
-2a2
Convert -8b8 (base 16) to base 15.
-9dc
17f (base 16) to base 7
1055
What is 79b (base 13) in base 15?
5c6
Convert 103